{"id":72,"date":"2023-02-24T18:20:27","date_gmt":"2023-02-24T17:20:27","guid":{"rendered":"http:\/\/lespaysannesrient.fr\/?page_id=72"},"modified":"2025-02-21T16:47:39","modified_gmt":"2025-02-21T15:47:39","slug":"contact","status":"publish","type":"page","link":"https:\/\/lespaysannesrient.fr\/index.php\/contact\/","title":{"rendered":"Contact"},"content":{"rendered":"\n<div style=\"height:100px\" aria-hidden=\"true\" class=\"wp-block-spacer\"><\/div>\n\n\n\n<p>Vous trouverez ci-dessous les informations pour vous rendre \u00e0 l&rsquo;atelier, et aussi pour nous contacter. Notre disponibilit\u00e9 au t\u00e9l\u00e9phone est limit\u00e9e, pr\u00e9f\u00e9rez l&#8217;email ou le formulaire de contact pour toute demande d&rsquo;information non urgente, nous vous r\u00e9pondrons dans les meilleurs d\u00e9lais.<\/p>\n\n\n\n<p>Si vous souhaitez recevoir les documents (guide utilisateur, &#8230;) lors de leurs mises \u00e0 jour envoyez nous votre adresse email \u00e0 contact@lespaysannesrient.fr<\/p>\n\n\n\n<h2 class=\"wp-block-heading\">Contact<\/h2>\n\n\n\n<div class=\"wp-block-columns is-layout-flex wp-container-3\">\n<div class=\"wp-block-column is-layout-flow\">\n<p>Vous pouvez nous envoyer un email \u00e0 contact@lespaysannesrient.fr ou nous laisser un message au 06 01 13 91 88.<\/p>\n\n\n\n<p>Vous pouvez \u00e9galement utiliser le formulaire ci-dessous:<\/p>\n\n\n\n<div class=\"wp-block-contact-form-7-contact-form-selector\">\n<div class=\"wpcf7 no-js\" id=\"wpcf7-f97-o1\" lang=\"fr-FR\" dir=\"ltr\">\n<div class=\"screen-reader-response\"><p role=\"status\" aria-live=\"polite\" aria-atomic=\"true\"><\/p> <ul><\/ul><\/div>\n<form action=\"\/index.php\/wp-json\/wp\/v2\/pages\/72#wpcf7-f97-o1\" method=\"post\" class=\"wpcf7-form init\" aria-label=\"Formulaire de contact\" novalidate=\"novalidate\" data-status=\"init\">\n<div style=\"display: none;\">\n<input type=\"hidden\" name=\"_wpcf7\" value=\"97\" \/>\n<input type=\"hidden\" name=\"_wpcf7_version\" value=\"5.7.6\" \/>\n<input type=\"hidden\" name=\"_wpcf7_locale\" value=\"fr_FR\" \/>\n<input type=\"hidden\" name=\"_wpcf7_unit_tag\" value=\"wpcf7-f97-o1\" \/>\n<input type=\"hidden\" name=\"_wpcf7_container_post\" value=\"0\" \/>\n<input type=\"hidden\" name=\"_wpcf7_posted_data_hash\" value=\"\" \/>\n<input type=\"hidden\" name=\"_cf7a__timestamp\" value=\"wDx4twbwGemBhahC+eDXwg==\" \/>\n<input type=\"hidden\" name=\"_cf7a_version\" value=\"1.0\" \/>\n<input type=\"hidden\" name=\"_cf7a_address\" value=\"ndmTL50PJsjwEobmUSqImQ==\" \/>\n<input type=\"hidden\" name=\"_cf7a_referer\" value=\"vA5btyKYvFftZAMqDo8Miw==\" \/>\n<input type=\"hidden\" name=\"_cf7a_protocol\" value=\"eZXD3z9aHP7GUxZZ4NLOjg==\" \/>\n<input type=\"hidden\" name=\"_cf7a_bot_fingerprint\" value=\"wDx4twbwGemBhahC+eDXwg==\" \/>\n<input type=\"hidden\" name=\"_cf7a_bot_fingerprint_extras\" value=\"\" \/>\n<input type=\"hidden\" name=\"_cf7a_append_on_submit\" value=\"\" \/>\n<\/div>\n<p><label> Votre nom<br \/>\n<span class=\"wpcf7-form-control-wrap\" data-name=\"your-name\"><input type=\"text\" name=\"name\" value=\"\" autocomplete=\"fill\" class=\"fit-the-fullspace\" aria-hidden=\"true\" tabindex=\"-1\" \/><input size=\"40\" class=\"wpcf7-form-control wpcf7-text wpcf7-validates-as-required\" autocomplete=\"name\" aria-required=\"true\" aria-invalid=\"false\" value=\"\" type=\"text\" name=\"your-name\" \/><\/span> <\/label>\n<\/p>\n<p><label> Votre e-mail<br \/>\n<span class=\"wpcf7-form-control-wrap\" data-name=\"your-email\"><input size=\"40\" class=\"wpcf7-form-control wpcf7-text wpcf7-email wpcf7-validates-as-required wpcf7-validates-as-email\" autocomplete=\"email\" aria-required=\"true\" aria-invalid=\"false\" value=\"\" type=\"email\" name=\"your-email\" \/><\/span> <\/label>\n<\/p>\n<p><label> Objet<br \/>\n<span class=\"wpcf7-form-control-wrap\" data-name=\"your-subject\"><input type=\"text\" name=\"address\" value=\"\" autocomplete=\"fill\" class=\"fit-the-fullspace\" aria-hidden=\"true\" tabindex=\"-1\" \/><input size=\"40\" class=\"wpcf7-form-control wpcf7-text wpcf7-validates-as-required\" aria-required=\"true\" aria-invalid=\"false\" value=\"\" type=\"text\" name=\"your-subject\" \/><\/span> <\/label>\n<\/p>\n<p><label> Votre message (facultatif)<br \/>\n<span class=\"wpcf7-form-control-wrap\" data-name=\"your-message\"><textarea cols=\"40\" rows=\"10\" class=\"wpcf7-form-control wpcf7-textarea\" aria-invalid=\"false\" name=\"your-message\"><\/textarea><\/span> <\/label>\n<\/p>\n<p><input class=\"wpcf7-form-control has-spinner wpcf7-submit\" type=\"submit\" value=\"Envoyer\" \/>\n<\/p><div class=\"wpcf7-response-output\" aria-hidden=\"true\"><\/div>\n<\/form>\n<\/div>\n<\/div>\n<\/div>\n\n\n\n<div class=\"wp-block-column is-layout-flow\">\n<figure class=\"wp-block-image aligncenter size-full is-resized has-custom-border\"><img decoding=\"async\" loading=\"lazy\" src=\"http:\/\/lespaysannesrient.fr\/wp-content\/uploads\/2023\/02\/tired_phone_operator.webp\" alt=\"\" class=\"wp-image-73\" style=\"border-radius:13px\" width=\"188\" height=\"188\" srcset=\"https:\/\/lespaysannesrient.fr\/wp-content\/uploads\/2023\/02\/tired_phone_operator.webp 512w, https:\/\/lespaysannesrient.fr\/wp-content\/uploads\/2023\/02\/tired_phone_operator-300x300.webp 300w, https:\/\/lespaysannesrient.fr\/wp-content\/uploads\/2023\/02\/tired_phone_operator-150x150.webp 150w\" sizes=\"(max-width: 188px) 100vw, 188px\" \/><\/figure>\n<\/div>\n<\/div>\n\n\n\n<p><\/p>\n\n\n\n<h2 class=\"wp-block-heading\">O\u00f9 nous trouver<\/h2>\n\n\n\n<div class=\"wp-block-columns is-layout-flex wp-container-6\">\n<div class=\"wp-block-column is-layout-flow\" style=\"flex-basis:33.33%\">\n<figure class=\"wp-block-image size-full is-resized has-custom-border\"><img decoding=\"async\" loading=\"lazy\" src=\"http:\/\/lespaysannesrient.fr\/wp-content\/uploads\/2023\/02\/wood_shack.webp\" alt=\"\" class=\"wp-image-74\" style=\"border-radius:68px\" width=\"338\" height=\"338\" srcset=\"https:\/\/lespaysannesrient.fr\/wp-content\/uploads\/2023\/02\/wood_shack.webp 512w, https:\/\/lespaysannesrient.fr\/wp-content\/uploads\/2023\/02\/wood_shack-300x300.webp 300w, https:\/\/lespaysannesrient.fr\/wp-content\/uploads\/2023\/02\/wood_shack-150x150.webp 150w\" sizes=\"(max-width: 338px) 100vw, 338px\" \/><\/figure>\n<\/div>\n\n\n\n<div class=\"wp-block-column is-layout-flow\" style=\"flex-basis:66.66%\">\n<p>Pour venir jusqu&rsquo;\u00e0 l&rsquo;atelier:<\/p>\n\n\n\n<figure class=\"wp-block-image alignright size-full is-resized\"><img decoding=\"async\" loading=\"lazy\" src=\"http:\/\/lespaysannesrient.fr\/wp-content\/uploads\/2023\/02\/plan_pourri.png\" alt=\"\" class=\"wp-image-75\" width=\"339\" height=\"274\" srcset=\"https:\/\/lespaysannesrient.fr\/wp-content\/uploads\/2023\/02\/plan_pourri.png 456w, https:\/\/lespaysannesrient.fr\/wp-content\/uploads\/2023\/02\/plan_pourri-300x242.png 300w\" sizes=\"(max-width: 339px) 100vw, 339px\" \/><\/figure>\n\n\n\n<p>En venant de Lamastre, traverser Nozi\u00e8res  et prendre la direction de Pailhar\u00e8s.<\/p>\n\n\n\n<p>La zone d&rsquo;activit\u00e9 est sur la droite, un panneau \u00ab\u00a0Noz&rsquo;Atelier\u00a0\u00bb vous indique la voie \u00e0 suivre. Vous pouvez suivre le fl\u00e9chage \u00ab\u00a0Les Paysannes Rient\u00a0\u00bb \u00e0 l&rsquo;entr\u00e9e de la zone.<\/p>\n\n\n\n<p>Coordonn\u00e9es GPS: 45.030362 &#8211; 4.53895<\/p>\n<\/div>\n<\/div>\n\n\n\n<p><\/p>\n\n\n\n<div style=\"height:100px\" aria-hidden=\"true\" class=\"wp-block-spacer\"><\/div>\n","protected":false},"excerpt":{"rendered":"<p>Vous trouverez ci-dessous les informations pour vous rendre \u00e0 l&rsquo;atelier, et aussi pour nous contacter. Notre disponibilit\u00e9 au t\u00e9l\u00e9phone est limit\u00e9e, pr\u00e9f\u00e9rez l&#8217;email ou le formulaire de contact pour toute demande d&rsquo;information non urgente, nous vous r\u00e9pondrons dans les meilleurs d\u00e9lais. Si vous souhaitez recevoir les documents (guide utilisateur, &#8230;) lors de leurs mises \u00e0 [&hellip;]<\/p>\n","protected":false},"author":1,"featured_media":0,"parent":0,"menu_order":0,"comment_status":"closed","ping_status":"closed","template":"","meta":[],"_links":{"self":[{"href":"https:\/\/lespaysannesrient.fr\/index.php\/wp-json\/wp\/v2\/pages\/72"}],"collection":[{"href":"https:\/\/lespaysannesrient.fr\/index.php\/wp-json\/wp\/v2\/pages"}],"about":[{"href":"https:\/\/lespaysannesrient.fr\/index.php\/wp-json\/wp\/v2\/types\/page"}],"author":[{"embeddable":true,"href":"https:\/\/lespaysannesrient.fr\/index.php\/wp-json\/wp\/v2\/users\/1"}],"replies":[{"embeddable":true,"href":"https:\/\/lespaysannesrient.fr\/index.php\/wp-json\/wp\/v2\/comments?post=72"}],"version-history":[{"count":13,"href":"https:\/\/lespaysannesrient.fr\/index.php\/wp-json\/wp\/v2\/pages\/72\/revisions"}],"predecessor-version":[{"id":168,"href":"https:\/\/lespaysannesrient.fr\/index.php\/wp-json\/wp\/v2\/pages\/72\/revisions\/168"}],"wp:attachment":[{"href":"https:\/\/lespaysannesrient.fr\/index.php\/wp-json\/wp\/v2\/media?parent=72"}],"curies":[{"name":"wp","href":"https:\/\/api.w.org\/{rel}","templated":true}]}}