{"id":55,"date":"2023-02-24T15:49:11","date_gmt":"2023-02-24T14:49:11","guid":{"rendered":"http:\/\/lespaysannesrient.fr\/?page_id=55"},"modified":"2023-05-02T10:16:49","modified_gmt":"2023-05-02T08:16:49","slug":"a-propos-de-nous","status":"publish","type":"page","link":"https:\/\/lespaysannesrient.fr\/index.php\/a-propos-de-nous\/","title":{"rendered":"A propos de nous"},"content":{"rendered":"\n<div style=\"height:50px\" aria-hidden=\"true\" class=\"wp-block-spacer\"><\/div>\n\n\n\n<p><strong>En 2020, nous avons cr\u00e9\u00e9 la SARL Les Paysannes Rient.<\/strong><\/p>\n\n\n\n<p><strong>La SARL regroupe \u00e0 ce jour 9 associ\u00e9s : 7 paysans, la SAS Noz&rsquo;ateliers, et la soci\u00e9t\u00e9 MINCAA<\/strong>.<\/p>\n\n\n\n<p>L&rsquo;atelier collectif  \u00ab\u00a0<em>Les Paysannes Rient \u00a0\u00bb <\/em>est un atelier de transformation v\u00e9g\u00e9tale, ouvert aux professionnels, comme aux particuliers.<\/p>\n\n\n\n<p>Cet atelier a \u00e9t\u00e9 con\u00e7u et construit en collaboration avec la <strong>SAS Noz&rsquo;ateliers<\/strong>, dont l&rsquo;objet est de mettre en \u0153uvre des outils de valorisation des fili\u00e8res bois et agricoles locales.<\/p>\n\n\n\n<p>A ce titre, l&rsquo;atelier a b\u00e9n\u00e9fici\u00e9 d&rsquo;une subvention FEADER (mesure 16.40) pour \u00e0 la fois le b\u00e2timent, les outils, ainsi que certaines d\u00e9penses de fonctionnement.<\/p>\n\n\n\n<p><strong>Noz&rsquo;ateliers <\/strong>a assum\u00e9 le financement du terrain et du b\u00e2timent, tandis que <strong>Les Paysannes Rient <\/strong>a port\u00e9 les investissements mat\u00e9riels et g\u00e8re le fonctionnement.<\/p>\n\n\n\n<p>En prolongement de cette logique de <em>\u00ab\u00a0<\/em>territoire\u00a0\u00bb , l&rsquo;atelier a \u00e9t\u00e9 dimensionn\u00e9 pour rester autant que possible proche d&rsquo;une <strong>transformation artisanale et paysanne<\/strong>.<\/p>\n\n\n\n<p>La SARL Les Paysannes Rient a aussi pour objectif d&rsquo;\u00e9laborer sa propre gamme de produits, tout en soutenant les agriculteurs en cours d&rsquo;installation par exemple. L&rsquo;id\u00e9e \u00e9tant de faciliter les d\u00e9bouch\u00e9s pour ces nouveaux paysans, en&nbsp; rachetant leur production, en la transformant, puis en la commercialisant.<\/p>\n\n\n\n<p>N&rsquo;h\u00e9sitez pas \u00e0 nous contacter!<\/p>\n\n\n\n<div class=\"wp-block-columns is-layout-flex wp-container-3\">\n<div class=\"wp-block-column is-layout-flow\">\n<figure class=\"wp-block-image size-full\"><img decoding=\"async\" loading=\"lazy\" width=\"448\" height=\"219\" src=\"http:\/\/lespaysannesrient.fr\/wp-content\/uploads\/2023\/05\/region.png\" alt=\"\" class=\"wp-image-159\" srcset=\"https:\/\/lespaysannesrient.fr\/wp-content\/uploads\/2023\/05\/region.png 448w, https:\/\/lespaysannesrient.fr\/wp-content\/uploads\/2023\/05\/region-300x147.png 300w\" sizes=\"(max-width: 448px) 100vw, 448px\" \/><\/figure>\n<\/div>\n\n\n\n<div class=\"wp-block-column is-layout-flow\">\n<figure class=\"wp-block-image size-full\"><img decoding=\"async\" loading=\"lazy\" width=\"699\" height=\"271\" src=\"http:\/\/lespaysannesrient.fr\/wp-content\/uploads\/2023\/05\/europe_region.png\" alt=\"\" class=\"wp-image-160\" srcset=\"https:\/\/lespaysannesrient.fr\/wp-content\/uploads\/2023\/05\/europe_region.png 699w, https:\/\/lespaysannesrient.fr\/wp-content\/uploads\/2023\/05\/europe_region-300x116.png 300w\" sizes=\"(max-width: 699px) 100vw, 699px\" \/><\/figure>\n<\/div>\n<\/div>\n\n\n\n<div style=\"height:50px\" aria-hidden=\"true\" class=\"wp-block-spacer\"><\/div>\n","protected":false},"excerpt":{"rendered":"<p>En 2020, nous avons cr\u00e9\u00e9 la SARL Les Paysannes Rient. La SARL regroupe \u00e0 ce jour 9 associ\u00e9s : 7 paysans, la SAS Noz&rsquo;ateliers, et la soci\u00e9t\u00e9 MINCAA. L&rsquo;atelier collectif \u00ab\u00a0Les Paysannes Rient \u00a0\u00bb est un atelier de transformation v\u00e9g\u00e9tale, ouvert aux professionnels, comme aux particuliers. Cet atelier a \u00e9t\u00e9 con\u00e7u et construit en collaboration [&hellip;]<\/p>\n","protected":false},"author":1,"featured_media":0,"parent":0,"menu_order":0,"comment_status":"closed","ping_status":"closed","template":"","meta":[],"_links":{"self":[{"href":"https:\/\/lespaysannesrient.fr\/index.php\/wp-json\/wp\/v2\/pages\/55"}],"collection":[{"href":"https:\/\/lespaysannesrient.fr\/index.php\/wp-json\/wp\/v2\/pages"}],"about":[{"href":"https:\/\/lespaysannesrient.fr\/index.php\/wp-json\/wp\/v2\/types\/page"}],"author":[{"embeddable":true,"href":"https:\/\/lespaysannesrient.fr\/index.php\/wp-json\/wp\/v2\/users\/1"}],"replies":[{"embeddable":true,"href":"https:\/\/lespaysannesrient.fr\/index.php\/wp-json\/wp\/v2\/comments?post=55"}],"version-history":[{"count":9,"href":"https:\/\/lespaysannesrient.fr\/index.php\/wp-json\/wp\/v2\/pages\/55\/revisions"}],"predecessor-version":[{"id":164,"href":"https:\/\/lespaysannesrient.fr\/index.php\/wp-json\/wp\/v2\/pages\/55\/revisions\/164"}],"wp:attachment":[{"href":"https:\/\/lespaysannesrient.fr\/index.php\/wp-json\/wp\/v2\/media?parent=55"}],"curies":[{"name":"wp","href":"https:\/\/api.w.org\/{rel}","templated":true}]}}